{"id":36,"date":"2020-12-21T17:54:23","date_gmt":"2020-12-21T17:54:23","guid":{"rendered":"http:\/\/web6459.pro3.web4a.de\/wordpress\/?page_id=36"},"modified":"2025-07-04T10:52:16","modified_gmt":"2025-07-04T10:52:16","slug":"programmkredite","status":"publish","type":"page","link":"https:\/\/schu-finanzmanagement.de\/index.php\/programmkredite\/","title":{"rendered":"Programmkredite"},"content":{"rendered":"<h2>Programmkredite<\/h2>\n<h5>Bei der Aufstellung Ihres Finanzierungsplanes im privaten oder im gewerblichen Bereich ber\u00fccksichtigen wir s\u00e4mtliche \u00f6ffentlichen Programmkredite von Bund und Land, z.B. der KfW Bank.<\/h5>\n<h5>Wir pr\u00fcfen f\u00fcr Sie, welche Programmkredite f\u00fcr Ihr Vorhaben zum Einsatz kommen k\u00f6nnen.<\/h5>\n<h5>Bitte nehmen Sie <strong><a href=\"https:\/\/schu-finanzmanagement.de\/index.php\/kontakt\/\">Kontakt<\/a> <\/strong>mit uns auf!<\/h5>\n<h2>  Adresse<\/h2>\n<p>\u00a0 Schu Finanz-Management e.K.<br \/>\u00a0 Bergstra\u00dfe 15<br \/>\u00a0 66557 Illingen\/H\u00fcttigweiler<\/p>\n<p>\t\t\t\t\t\t\t\t\t\t\t\t\t\t\t<img loading=\"lazy\" decoding=\"async\" width=\"321\" height=\"79\" src=\"https:\/\/schu-finanzmanagement.de\/wp-content\/uploads\/2021\/01\/Uhrzeit.jpg\" alt=\"\" srcset=\"https:\/\/schu-finanzmanagement.de\/wp-content\/uploads\/2021\/01\/Uhrzeit.jpg 321w, https:\/\/schu-finanzmanagement.de\/wp-content\/uploads\/2021\/01\/Uhrzeit-300x74.jpg 300w\" sizes=\"auto, (max-width: 321px) 100vw, 321px\" \/>\t\t\t\t\t\t\t\t\t\t\t\t\t\t\t<\/p>\n<h2>Kontakt<\/h2>\n<p>Tel.:\u00a0\u00a0 06825 &#8211; 49 94 215<\/p>\n<p>Mail :\u00a0 <a style=\"color: #ffffff;\" href=\"mailto:info@schu-finanzmanagement.de\">info@schu-finanzmanagement.de<\/a><\/p>\n<h2>Links<\/h2>\n<p><a style=\"color: #ffffff;\" href=\"https:\/\/schu-finanzmanagement.de\/index.php\/agb\/\">AGB<\/a><\/p>\n<p><a style=\"color: #ffffff;\" href=\"https:\/\/schu-finanzmanagement.de\/index.php\/Datenschutzhinweis\/\">Datenschutzhinweis<\/a><\/p>\n<p><a style=\"color: #ffffff;\" href=\"https:\/\/schu-finanzmanagement.de\/index.php\/datenschutzerklaerung\/\">Datenschutzerkl\u00e4rung<\/a><\/p>\n<p><a href=\"https:\/\/schu-finanzmanagement.de\/index.php\/impressum\/\">Impressum<\/a><\/p>\n<p>\t\t\t\t\t<a href=\"https:\/\/seal.website-check.de\/\/accessibility?token=4c53f806-02b5-4be2-aa2a-70bdda872e44\"> <img decoding=\"async\" src=\"https:\/\/seal.website-check.de\/\/accessibility\/seal?token=4c53f806-02b5-4be2-aa2a-70bdda872e44\" alt=\"Website-Check Barrierefreiheitssiegel - Verlinkt zur Website-Check Siegelseite f\u00fcr diese Webseite\"\/> <\/a>\t\t\t\t<\/p>\n<h2>\u00a92025. Schu Finanz-Management e.K.<\/h2>\n","protected":false},"excerpt":{"rendered":"<p>Programmkredite Bei der Aufstellung Ihres Finanzierungsplanes im privaten oder im gewerblichen Bereich ber\u00fccksichtigen wir s\u00e4mtliche \u00f6ffentlichen Programmkredite von Bund und Land, z.B. der KfW Bank. Wir pr\u00fcfen f\u00fcr Sie, welche Programmkredite f\u00fcr Ihr Vorhaben zum Einsatz kommen k\u00f6nnen. Bitte nehmen Sie Kontakt mit uns auf! Adresse \u00a0 Schu Finanz-Management e.K.\u00a0 Bergstra\u00dfe 15\u00a0 66557 Illingen\/H\u00fcttigweiler Kontakt [&hellip;]<\/p>\n","protected":false},"author":1,"featured_media":0,"parent":0,"menu_order":0,"comment_status":"closed","ping_status":"closed","template":"","meta":{"footnotes":""},"class_list":["post-36","page","type-page","status-publish","hentry"],"_links":{"self":[{"href":"https:\/\/schu-finanzmanagement.de\/index.php\/wp-json\/wp\/v2\/pages\/36","targetHints":{"allow":["GET"]}}],"collection":[{"href":"https:\/\/schu-finanzmanagement.de\/index.php\/wp-json\/wp\/v2\/pages"}],"about":[{"href":"https:\/\/schu-finanzmanagement.de\/index.php\/wp-json\/wp\/v2\/types\/page"}],"author":[{"embeddable":true,"href":"https:\/\/schu-finanzmanagement.de\/index.php\/wp-json\/wp\/v2\/users\/1"}],"replies":[{"embeddable":true,"href":"https:\/\/schu-finanzmanagement.de\/index.php\/wp-json\/wp\/v2\/comments?post=36"}],"version-history":[{"count":113,"href":"https:\/\/schu-finanzmanagement.de\/index.php\/wp-json\/wp\/v2\/pages\/36\/revisions"}],"predecessor-version":[{"id":2817,"href":"https:\/\/schu-finanzmanagement.de\/index.php\/wp-json\/wp\/v2\/pages\/36\/revisions\/2817"}],"wp:attachment":[{"href":"https:\/\/schu-finanzmanagement.de\/index.php\/wp-json\/wp\/v2\/media?parent=36"}],"curies":[{"name":"wp","href":"https:\/\/api.w.org\/{rel}","templated":true}]}}